
Convert -11 (base 12) to base 16.
-d
Convert 0 (base 8) to base 13.
0
Convert -c9 (base 15) to base 6.
-513
-12 (base 15) to base 10
-17
What is 8 (base 12) in base 3?
22
Convert -2 (base 9) to base 13.
-2
What is 12 (base 3) in base 2?
101
What is -1 (base 10) in base 14?
-1
2220 (base 4) to base 6
440
Convert -172 (base 13) to base 5.
-2022
What is 178 (base 13) in base 3?
100221
What is -1 (base 2) in base 10?
-1
What is 55 (base 7) in base 2?
101000
-3b (base 14) to base 13
-41
What is 151 (base 6) in base 10?
67
Convert 125 (base 7) to base 11.
62
-2 (base 9) to base 8
-2
What is -90 (base 13) in base 15?
-7c
What is 26 (base 12) in base 11?
28
What is 12 (base 16) in base 7?
24
219 (base 12) to base 15
159
Convert 4 (base 7) to base 13.
4
What is 1 (base 8) in base 3?
1
Convert 1 (base 12) to base 6.
1
-1 (base 16) to base 13
-1
What is -23 (base 14) in base 10?
-31
Convert -1 (base 15) to base 14.
-1
Convert 7 (base 13) to base 12.
7
Convert 332 (base 6) to base 16.
80
Convert -11 (base 3) to base 8.
-4
-4d (base 15) to base 7
-133
-3 (base 5) to base 4
-3
What is 38 (base 16) in base 14?
40
15 (base 6) to base 12
b
Convert -115 (base 6) to base 4.
-233
-a3 (base 12) to base 8
-173
Convert 150 (base 9) to base 8.
176
Convert a9 (base 11) to base 15.
7e
29 (base 14) to base 9
41
-16 (base 12) to base 14
-14
What is 135 (base 12) in base 10?
185
Convert -2 (base 9) to base 4.
-2
What is 12 (base 7) in base 13?
9
What is -132 (base 9) in base 8?
-156
Convert 10 (base 2) to base 10.
2
-40 (base 8) to base 12
-28
-a (base 11) to base 6
-14
133 (base 6) to base 8
71
What is 86 (base 14) in base 10?
118
Convert -14 (base 8) to base 2.
-1100
111 (base 6) to base 12
37
What is -4 (base 8) in base 2?
-100
Convert 0 (base 8) to base 3.
0
Convert -7 (base 16) to base 4.
-13
-6 (base 9) to base 4
-12
What is -4 (base 10) in base 16?
-4
What is 42 (base 6) in base 4?
122
What is -6 (base 8) in base 12?
-6
13 (base 9) to base 11
11
What is 6 (base 11) in base 16?
6
16 (base 9) to base 15
10
What is -12 (base 7) in base 15?
-9
Convert -18 (base 16) to base 10.
-24
What is -10 (base 9) in base 5?
-14
14 (base 8) to base 9
13
-285 (base 11) to base 6
-1315
0 (base 5) to base 15
0
2020 (base 4) to base 8
210
Convert -3 (base 12) to base 8.
-3
What is -3 (base 6) in base 14?
-3
What is -6e (base 15) in base 12?
-88
Convert -22 (base 10) to base 13.
-19
-42 (base 6) to base 13
-20
What is -80 (base 16) in base 7?
-242
What is -310 (base 4) in base 10?
-52
What is 9 (base 14) in base 8?
11
What is 4 (base 9) in base 8?
4
What is 2201 (base 3) in base 6?
201
f (base 16) to base 7
21
Convert -a4 (base 13) to base 12.
-b2
Convert -13 (base 7) to base 16.
-a
-10 (base 12) to base 10
-12
What is 11 (base 13) in base 3?
112
Convert 4 (base 12) to base 14.
4
3 (base 6) to base 8
3
Convert 2c (base 16) to base 12.
38
-23 (base 5) to base 11
-12
Convert -5 (base 11) to base 12.
-5
What is -2 (base 9) in base 10?
-2
Convert 11 (base 13) to base 12.
12
What is 224 (base 5) in base 6?
144
What is -3 (base 10) in base 8?
-3
What is -31 (base 4) in base 13?
-10
Convert -5 (base 7) to base 15.
-5
What is -e (base 16) in base 13?
-11
What is 0 (base 8) in base 15?
0
10 (base 10) to base 2
1010
1 (base 6) to base 7
1
3 (base 15) to base 5
3
Convert -2 (base 10) to base 6.
-2
Convert 21 (base 6) to base 15.
d
-21 (base 3) to base 4
-13
43 (base 15) to base 2
111111
Convert -45 (base 7) to base 9.
-36
-1 (base 5) to base 9
-1
-20 (base 3) to base 13
-6
-201 (base 4) to base 12
-29
What is 1 (base 7) in base 9?
1
What is -121 (base 3) in base 11?
-15
2011 (base 3) to base 8
72
41 (base 11) to base 6
113
Convert 1 (base 10) to base 9.
1
What is -10312 (base 4) in base 14?
-182
Convert 20 (base 12) to base 8.
30
-21 (base 12) to base 16
-19
What is -10 (base 4) in base 15?
-4
-12 (base 6) to base 13
-8
1111 (base 2) to base 5
30
-6 (base 8) to base 5
-11
40 (base 5) to base 11
19
What is -a (base 14) in base 2?
-1010
What is -2 (base 9) in base 6?
-2
What is -100 (base 2) in base 8?
-4
Convert -62 (base 10) to base 5.
-222
What is 33 (base 5) in base 7?
24
-3 (base 5) to base 8
-3
Convert 36 (base 14) to base 11.
44
Convert 0 (base 2) to base 14.
0
Convert -2 (base 15) to base 11.
-2
What is 10 (base 2) in base 7?
2
Convert 101 (base 4) to base 7.
23
What is 5 (base 13) in base 15?
5
3 (base 12) to base 6
3
-15 (base 10) to base 14
-11
3012 (base 4) to base 8
306
27 (base 12) to base 16
1f
Convert -10110 (base 2) to base 7.
-31
0 (base 2) to base 5
0
Convert 16 (base 8) to base 16.
e
Convert 122 (base 14) to base 2.
11100010
What is -31 (base 4) in base 9?
-14
-1 (base 8) to base 7
-1
Convert 1 (base 2) to base 10.
1
What is 0 (base 3) in base 9?
0
Convert -1 (base 15) to base 16.
-1
Convert 9 (base 10) to base 13.
9
Convert -23 (base 5) to base 11.
-12
Convert -7 (base 13) to base 6.
-11
What is 1 (base 2) in base 14?
1
Convert -1 (base 13) to base 9.
-1
-3 (base 4) to base 5
-3
Convert 34 (base 6) to base 9.
24
Convert 1010 (base 2) to base 14.
a
Convert -11 (base 8) to base 12.
-9
What is -10 (base 8) in base 10?
-8
-2 (base 16) to base 9
-2
3 (base 12) to base 7
3
What is -1 (base 7) in base 2?
-1
Convert -101110 (base 2) to base 5.
-141
What is -15 (base 7) in base 9?
-13
What is 10 (base 2) in base 3?
2
-c (base 13) to base 15
-c
Convert 1424 (base 6) to base 15.
1a1
Convert -2001 (base 3) to base 9.
-61
What is 13 (base 9) in base 15?
c
What is -24 (base 14) in base 13?
-26
21 (base 10) to base 4
111
Convert -365 (base 9) to base 16.
-12e
Convert a8 (base 13) to base 6.
350
Convert -10 (base 6) to base 8.
-6
19 (base 15) to base 8
30
What is 0 (base 5) in base 4?
0
What is -102012 (base 3) in base 11?
-255
Convert -1 (base 9) to base 14.
-1
31 (base 11) to base 6
54
Convert -5 (base 12) to base 13.
-5
Convert -85 (base 13) to base 4.
-1231
What is -7 (base 13) in base 2?
-111
Convert -37 (base 9) to base 16.
-22
What is 2 (base 16) in base 7?
2
Convert 57 (base 15) to base 10.
82
323 (base 6) to base 13
96
What is 3 (base 8) in base 16?
3
What is -35 (base 14) in base 2?
-101111
-10 (base 4) to base 15
-4
What is a7 (base 15) in base 4?
2131
-1 (base 5) to base 7
-1
Convert 2 (base 8) to base 11.
2
What is -91 (base 14) in base 15?
-87
Convert 14 (base 6) to base 14.
a
What is 0 (base 2) in base 9?
0
Convert 2 (base 14) to base 13.
2
-6e (base 15) to base 2
-1101000
-9 (base 10) to base 12
-9
Convert 2 (base 8) to base 10.
2
300 (base 4) to base 11
44
What is 0 (base 16) in base 6?
0
Convert 0 (base 5) to base 3.
0
11 (base 12) to base 2
1101
Convert -5a (base 15) to base 6.
-221
What is -2011 (base 3) in base 7?
-112
What is 1 (base 11) in base 15?
1
What is 0 (base 8) in base 14?
0
What is 120 (base 3) in base 7?
21
Convert 2 (base 8) to base 5.
2
100011 (base 2) to base 9
38
What is -4 (base 8) in base 15?
-4
What is 5 (base 9) in base 2?
101
Convert -22202 (base 3) to base 12.
-178
15 (base 12) to base 11
16
What is -9 (base 15) in base 13?
-9
What is -1a9 (base 11) in base 14?
-132
Convert 1 (base 7) to base 15.
1
Convert -11 (base 6) to base 12.
-7
What is 1000010 (base 2) in base 3?
2110
0 (base 7) to base 14
0
Convert 12a (base 15) to base 2.
100001001
What is -11 (base 2) in base 16?
-3
2 (base 9) to base 2
10
-46 (base 7) to base 15
-24
Convert -11 (base 2) to base 12.
-3
Convert 5 (base 12) to base 10.
5
What is 9 (base 12) in base 14?
9
-3 (base 7) to base 4
-3
What is -4 (base 12) in base 5?
-4
Convert -7 (base 16) to base 8.
-7
What is 26 (base 10) in base 9?
28
-15 (base 10) to base 9
-16
1 (base 13) to base 3
1
1 (base 8) to base 2
1
What is -2111 (base 4) in base 6?
-405
What is -aa (base 11) in base 12?
-a0
33 (base 4) to base 15
10
What is 9 (base 12) in base 11?
9
-3 (base 16) to base 8
-3
Convert 22 (base 3) to base 8.
10
Convert -1002 (base 3) to base 11.
-27
Convert 10 (base 2) to base 14.
2
0 (base 16) to base 7
0
What is -2 (base 13) in base 16?
-2
Convert -20 (base 8) to base 5.
-31
What is 4 (base 9) in base 2?
100
Convert 0 (base 6) to base 7.
0
What is -8 (base 14) in base 10?
-8
20 (base 4) to base 2
1000
1011100 (base 2) to base 3
10102
Convert -4 (base 16) to base 12.
-4
Convert -1b2 (base 13) to base 11.
-266
10001 (base 2) to base 11